4*p + 2*y = 84 + 104, -106 = -2*p - 4*y. What is the tens digit of p?
4
Suppose 2*z - 290 = 3*l, -5*l + 258 - 691 = -3*z. What is the tens digit of z?
5
Suppose 24 - 4 = 5*u - 5*d, -4*u - 2*d + 34 = 0. Let z = u - 2. What is the units digit of z?
5
Suppose -11 - 10 = 3*p. What is the tens digit of 498/14 + 4/p?
3
Suppose h + v + 4*v - 17 = 0, 0 = -2*h + v + 1. Suppose -26 = -h*j - 4. Suppose -4*x + 5*x + 7 = 2*o, o = -2*x + j. What is the units digit of x?
3
Let f be (-18)/(-4)*(-6)/9. Let t = f - 1. What is the units digit of 6 - 0 - t/(-2)?
4
Let y(o) = -7*o + 12. What is the tens digit of y(-5)?
4
Let m(d) = d**2 - 14*d - 15. Let a be m(15). Suppose a = 10*s - 5*s - 10. What is the units digit of s?
2
Suppose 5*w = -0*w - 80. What is the units digit of (-1 - w - 1) + -1?
3
Let i(h) = -14*h - 1. Let s be i(-1). Let v = s + -8. Suppose -v*f = -20 - 15. What is the units digit of f?
7
Suppose 12 = -3*s, 2*o - 218 = -9*s + 4*s. What is the units digit of o?
9
Suppose q - 1 = 0, 4*b - 3 = 3*q - 30. Let w(o) = -2*o. What is the tens digit of w(b)?
1
Let n be ((-1)/(-2))/((-3)/24). Let s be (4/3)/(n/(-6)). Suppose 0 = -g - 3*w + 2, -5*w - 7 = -s*g + 19. What is the units digit of g?
8
Suppose 5*v = -0*v + 15. Let y(g) = -g**3 + 2*g + 0 + 3*g**v - 1. What is the units digit of y(1)?
3
Let w(c) = 4*c**2 + 1. Let l be (-3)/(-12) - (-1)/(-4). Suppose -5*a - 22 = -7*a - 4*r, -a + r - 4 = l. What is the units digit of w(a)?
5
Let f = -5 - -1. Let p be 3*f/(-18)*3. Suppose -4 = n - p*s, -3*s - s + 2 = -5*n. What is the units digit of n?
2
Let w(v) = -3*v + 2 + 1 + v. Suppose 4*h + 3 = -4*z + 3*z, 0 = 2*h. What is the units digit of w(z)?
9
Let o be (1 + -3)*10/(-5). Suppose 92 = -0*q + o*q. What is the units digit of q?
3
Suppose 5*f = 5*u + 25, f - 5 = u + 2*u. Suppose u*s - y + 10 = s, 5*y = -3*s + 40. What is the units digit of ((-4)/s)/((-12)/30)?
2
Let k(d) = d. Let g(m) = -5*m - 3. Let j(c) = g(c) + 6*k(c). What is the units digit of j(6)?
3
What is the units digit of 66/4 + 1/2?
7
Let v(o) = -2*o + 2*o**2 + o**2 - o**2 - 2. Let q(z) = -z - 9. Let h be q(-11). What is the units digit of v(h)?
2
Suppose 2*a + 4*h - 126 = 0, 2*h + 2*h + 259 = 5*a. Let m = 95 - a. Suppose -55 = -5*j + m. What is the tens digit of j?
1
Suppose 5*p + 25 = 0, -4*u + 3*p + 168 = -p. What is the units digit of u?
7
Suppose 4*r + 51 = 151. Suppose -v + 6*v + 4*w = -r, 0 = v + w + 6. Let y(f) = -5*f. What is the units digit of y(v)?
5
Suppose 2*p - 4*p - 8 = 0. Let a = -3 - p. What is the units digit of a?
1
What is the units digit of 12/(-2)*16/(-12)?
8
Let w = -13 - 1. What is the tens digit of (-3000)/(-84) - 4/w?
3
Let l be 4/6 - (-28)/(-6). Let a = l - -11. What is the units digit of a?
7
Let p(c) be the third derivative of -c**4/6 - 2*c**3/3 + 2*c**2. What is the tens digit of p(-9)?
3
Suppose r + 4 = -2. Let m be (-15)/(-10)*(-16)/r. Suppose m*v = -3*l - 3, -2*v + 3*l + 1 = 4*l. What is the units digit of v?
3
What is the units digit of (101 + 3)/((-4)/(-6))?
6
Let f be 4/(-14) - (-88)/14. Let q be (1 - 3)/(f/(-75)). Let h = -16 + q. What is the units digit of h?
9
Let i(z) = z + 6. Let r be i(5). Let q = 24 - 26. What is the units digit of r/2 + 1/q?
5
Suppose 22 = 4*u - 3*k + 91, u = -4*k - 22. What is the tens digit of (6/u)/(1/(-45))?
1
Suppose 0*n = p + 4*n - 52, -p - 2*n = -48. Suppose 3*l - p = l. What is the units digit of l?
2
Let h(y) = 10*y**3 - 2*y**2 + 2*y - 1. Let i be h(1). Suppose 0 = z - 4*z + i. What is the units digit of z?
3
Let p = -8 + 15. Let u(x) = x**3 + 11*x + 0 - 8*x**2 - 3*x - 5. What is the units digit of u(p)?
2
Let c(r) = -4*r - 9. Let o(g) = 5*g - 1. Let b be o(-1). What is the tens digit of c(b)?
1
Suppose 2*w = -4*k + 2*k - 6, 3*w - 5*k = 31. Suppose -a + 4*n + 38 = 0, -w*a - 6*n + 11 = -n. What is the units digit of a?
8
Let u(n) = 16*n**2 - n + 8. What is the tens digit of u(2)?
7
Let c(r) = -r**3 + 7*r**2 - 3*r. What is the tens digit of c(3)?
2
Let q(b) = 33*b**2 + 5*b. What is the hundreds digit of q(-2)?
1
Suppose -37 = -2*j - 5*r, 44 = 4*j + 4*r - 0*r. Suppose -3*f = -f - j. What is the units digit of f?
3
Let s(p) = 1. Let v(w) = w + 3. Let g(c) = 5*s(c) - v(c). Let n be g(5). What is the units digit of (4/n)/(10/(-15))?
2
Let s = 4 + -3. Let a be -2 + (-15)/1 + s. What is the units digit of (4/a)/((-1)/4)?
1
What is the units digit of 0 + 3*(5 + -3)?
6
Suppose -2*v + 12 = 5*z, -7*z + 3*z + 28 = -3*v. Suppose z = r + r. Let d(x) = 3*x**2 - x. What is the tens digit of d(r)?
1
Let g(s) = s - 6. Let v be g(-9). What is the tens digit of v/(1/4 - 1)?
2
Suppose 11 = y - 2*w, 0 = y + 3*w + 4. Suppose -2*m - 75 = -y*m. What is the tens digit of m?
2
Let z be (-11)/(-4) - 3/(-12). Suppose 1 - z = -n. What is the units digit of n?
2
Suppose 132 = -5*u + 1282. What is the units digit of u?
0
Let q = 3 + 1. Let k = q + -2. Suppose -4*c = -2*l - 3*l + 34, -k*l + 7 = 5*c. What is the units digit of l?
6
Let n = 21 + 16. What is the tens digit of n?
3
Let r = 11 + -6. Suppose -2*l - w - 3*w + 92 = 0, -r*w - 5 = 0. What is the units digit of l?
8
Suppose 4*d - 126 = -z, -4*z - 3*d + 609 = -8*d. What is the hundreds digit of z?
1
Let n be -1 + (2 - (-2)/(-1)). Let b be 0 - 48/(3/n). Suppose b = -h + 3*h. What is the units digit of h?
8
Let k be (0 + 0)/(6 - 5). Let w be (-2)/4 - (-6)/4. Let v = k + w. What is the units digit of v?
1
Let t(m) = 2*m**2 - 3*m + 2. Let c be t(4). Let s = c + -15. What is the units digit of s?
7
Let t = -47 + 107. What is the units digit of t*(5/2)/5?
0
Suppose -4*y = -3*y - 5*g - 48, -4*g + 106 = 3*y. What is the units digit of y?
8
Suppose 5*f + l + 24 = 2*l, 0 = -3*f - 3*l. Suppose -50 = -n - 4*n. Let b = n + f. What is the units digit of b?
6
Let f(q) = -q**2 + 5*q + 7. Let l be f(5). Suppose -35 = -2*z - l. What is the tens digit of z?
1
Let c = -1 + 3. Suppose c*h - 4*h = -10. What is the units digit of h?
5
Let v(y) = 33*y + 10. What is the hundreds digit of v(3)?
1
Let o be (2 + -6)*3/(-4). Suppose -o*x + 6*y = 2*y + 12, -x + y - 3 = 0. Suppose x = 5*p - k - 39, -p - 7*k + 3*k = -12. What is the units digit of p?
8
Let q(w) be the third derivative of -2/3*w**3 + 1/8*w**4 + 1/60*w**5 + 0 + 2*w**2 + 0*w. What is the units digit of q(-5)?
6
What is the units digit of 4 + 61 + (-5 - -6)?
6
Let a = 3 + -6. Let p be -3*a/(6/2). Suppose c + 5*j = -2*c + 1, p*j - 5 = -4*c. What is the units digit of c?
2
Suppose -2*y + 3*y + 4*b - 184 = 0, 0 = -2*y + b + 368. What is the units digit of y?
4
Suppose 4*h = -l - 4*l, 0 = -4*l - 5*h + 9. What is the units digit of l/(-10) + 46/10?
5
Let a(r) = 15*r - 1. Let z be a(-1). Let c be (-1064)/z - (-2)/(-4). Suppose 4*y - t = -4*t + 68, -t = -5*y + c. What is the units digit of y?
4
Let v(o) = -o**3 - 13*o**2 + 15*o + 19. Let m be v(-14). Suppose 0 = m*t - 10 - 40. What is the tens digit of t?
1
Let n be (-3)/(3*(-2)/16). Suppose g - n = -3*g. Let d = g + -1. What is the units digit of d?
1
Let p be 4/(-10)*(-4 + -26). What is the units digit of (-2)/(-6) - (-200)/p?
7
Let f(l) = -14*l - 2. Let p be f(-2). Suppose p = -o + 3*o - 4*a, 4*o = -2*a + 2. Suppose -t = -2*t + o. What is the units digit of t?
3
Let q(m) = 3*m**3 + 2*m**2 - 4*m + 3. What is the units digit of q(3)?
0
What is the units digit of (0 + -1 + -2)/(3/(-2))?
2
Let h = 14 + -3. Let k = -10 + h. What is the units digit of k?
1
Let v be (2 - 1)*-1 + -30. Let f = -17 - v. Suppose 4*z - f = 2*z. What is the units digit of z?
7
Suppose 2*q = -2, -5*w + 2*q + 740 = -2*w. What is the hundreds digit of w?
2
Suppose -4*w - 268 = -6*w. What is the units digit of w?
4
Let u(v) = v**3 + v. Let t be u(0). What is the units digit of 3 - ((t - 3) + 3)?
3
Let y = -2 + 1. What is the units digit of y*(2 + -40*1)?
8
Suppose 5*j + 2*c - 15 = c, 0 = -3*c. Suppose -j*d - 2*d = -210. What is the tens digit of d?
4
What is the units digit of (5/(-3) + 0)/((-2)/264)?
0
Let i(f) = -f**2 - 5*f - 3. Let k be i(-3). Suppose -k*y + u = -2*u - 15, -2*y - 2 = 2*u. What is the units digit of y?
2
Suppose 2*r = -2*v + 70, 5*r - 4*v = -0*v + 166. What is the tens digit of r?
3
What is the units digit of 32/(-4) + 4 + 7?
3
What is the units digit of 0*1/(-2) - -15?
5
Let d(m) = 2*m**3 - m**2 + m - 1. Suppose 3*t - 3 = 3. What is the units